{"id":255,"date":"2024-06-15T16:11:14","date_gmt":"2024-06-15T19:11:14","guid":{"rendered":"https:\/\/zeviplast.com.br\/beta\/?page_id=255"},"modified":"2024-07-24T12:21:10","modified_gmt":"2024-07-24T15:21:10","slug":"sustentabilidade-2","status":"publish","type":"page","link":"https:\/\/zeviplast.com.br\/beta\/sustentabilidade-2\/","title":{"rendered":"sustentabilidade"},"content":{"rendered":"\t\t<div data-elementor-type=\"wp-page\" data-elementor-id=\"255\" class=\"elementor elementor-255\" data-elementor-post-type=\"page\">\n\t\t\t\t\t\t<section class=\"elementor-section elementor-top-section elementor-element elementor-element-ec93bd3 elementor-section-height-min-height elementor-section-content-middle elementor-section-boxed elementor-section-height-default elementor-section-items-middle sc_fly_static\" data-id=\"ec93bd3\" data-element_type=\"section\" data-settings=\"{&quot;background_background&quot;:&quot;classic&quot;}\">\n\t\t\t\t\t\t\t<div class=\"elementor-background-overlay\"><\/div>\n\t\t\t\t\t\t\t<div class=\"elementor-container elementor-column-gap-default\">\n\t\t\t\t\t<div class=\"elementor-column elementor-col-100 elementor-top-column elementor-element elementor-element-49c43d3 sc_inner_width_none sc_content_align_inherit sc_layouts_column_icons_position_left sc_fly_static\" data-id=\"49c43d3\" data-element_type=\"column\">\n\t\t\t<div class=\"elementor-widget-wrap elementor-element-populated\">\n\t\t\t\t\t\t<div class=\"elementor-element elementor-element-c12b2ac sc_fly_static elementor-widget elementor-widget-heading\" data-id=\"c12b2ac\" data-element_type=\"widget\" data-widget_type=\"heading.default\">\n\t\t\t\t<div class=\"elementor-widget-container\">\n\t\t\t<h2 class=\"elementor-heading-title elementor-size-default\">SUSTENTABILIDADE<\/h2>\t\t<\/div>\n\t\t\t\t<\/div>\n\t\t\t\t\t<\/div>\n\t\t<\/div>\n\t\t\t\t\t<\/div>\n\t\t<\/section>\n\t\t\t\t<section class=\"elementor-section-with-custom-width elementor-section elementor-top-section elementor-element elementor-element-fd30df1 elementor-section-height-min-height elementor-section-boxed elementor-section-height-default elementor-section-items-middle sc_fly_static\" data-id=\"fd30df1\" data-element_type=\"section\" data-settings=\"{&quot;background_background&quot;:&quot;classic&quot;,&quot;background_motion_fx_motion_fx_mouse&quot;:&quot;yes&quot;,&quot;background_motion_fx_mouseTrack_effect&quot;:&quot;yes&quot;,&quot;background_motion_fx_mouseTrack_speed&quot;:{&quot;unit&quot;:&quot;px&quot;,&quot;size&quot;:1,&quot;sizes&quot;:[]}}\">\n\t\t\t\t\t\t\t<div class=\"elementor-background-overlay\"><\/div>\n\t\t\t\t\t\t\t<div class=\"elementor-container elementor-column-gap-default\">\n\t\t\t\t\t<div class=\"elementor-column elementor-col-50 elementor-top-column elementor-element elementor-element-44a5000 sc_inner_width_none sc_content_align_inherit sc_layouts_column_icons_position_left sc_fly_static\" data-id=\"44a5000\" data-element_type=\"column\" data-settings=\"{&quot;background_background&quot;:&quot;classic&quot;}\">\n\t\t\t<div class=\"elementor-widget-wrap elementor-element-populated\">\n\t\t\t\t\t\t<div class=\"elementor-element elementor-element-6b99b9a sc_fly_static elementor-widget elementor-widget-heading\" data-id=\"6b99b9a\" data-element_type=\"widget\" data-widget_type=\"heading.default\">\n\t\t\t\t<div class=\"elementor-widget-container\">\n\t\t\t<h2 class=\"elementor-heading-title elementor-size-default\">\nNossa Miss\u00e3o Sustent\u00e1vel<\/h2>\t\t<\/div>\n\t\t\t\t<\/div>\n\t\t\t\t<div class=\"elementor-element elementor-element-77a822b sc_fly_static elementor-widget elementor-widget-text-editor\" data-id=\"77a822b\" data-element_type=\"widget\" data-widget_type=\"text-editor.default\">\n\t\t\t\t<div class=\"elementor-widget-container\">\n\t\t\t\t\t\t\t<p>A Zeviplast \u00e9 comprometida com a sustentabilidade e utiliza energia renov\u00e1vel proveniente de empresas certificadas.<\/p><p>Nossa matriz energ\u00e9tica \u00e9 composta por fontes limpas como a energia e\u00f3lica e solar, o que contribui para a redu\u00e7\u00e3o da emiss\u00e3o de gases poluentes e a preserva\u00e7\u00e3o do meio ambiente.<\/p><p>Acreditamos que a energia renov\u00e1vel \u00e9 o futuro e estamos orgulhosos de fazer parte da mudan\u00e7a.<\/p><p>Se preocupando tamb\u00e9m com a escassez de recursos h\u00eddricos em nosso pa\u00eds, utilizamos em nossa produ\u00e7\u00e3o um sistema de recircula\u00e7\u00e3o de \u00e1gua.<\/p><p>Atrav\u00e9s de tratamentos qu\u00edmicos, essa \u00e1gua volta ao ciclo produtivo infinitamente, colaborando com o uso consciente e a preserva\u00e7\u00e3o deste recurso vital sem que tenha desperd\u00edcio de \u00e1gua.<\/p>\t\t\t\t\t\t<\/div>\n\t\t\t\t<\/div>\n\t\t\t\t<section class=\"elementor-section-with-custom-width elementor-section elementor-inner-section elementor-element elementor-element-99dc10b elementor-section-boxed elementor-section-height-default elementor-section-height-default sc_fly_static\" data-id=\"99dc10b\" data-element_type=\"section\">\n\t\t\t\t\t\t<div class=\"elementor-container elementor-column-gap-extended\">\n\t\t\t\t\t<div class=\"elementor-column elementor-col-33 elementor-inner-column elementor-element elementor-element-a217d06 sc_inner_width_none sc_content_align_inherit sc_layouts_column_icons_position_left sc_fly_static\" data-id=\"a217d06\" data-element_type=\"column\">\n\t\t\t<div class=\"elementor-widget-wrap elementor-element-populated\">\n\t\t\t\t\t\t<div class=\"elementor-element elementor-element-6785a6b sc_fly_static elementor-widget elementor-widget-image\" data-id=\"6785a6b\" data-element_type=\"widget\" data-widget_type=\"image.default\">\n\t\t\t\t<div class=\"elementor-widget-container\">\n\t\t\t\t\t\t\t\t\t\t\t\t\t<img fetchpriority=\"high\" decoding=\"async\" width=\"413\" height=\"413\" src=\"https:\/\/zeviplast.com.br\/beta\/wp-content\/uploads\/2024\/07\/1-2.png\" class=\"attachment-full size-full wp-image-893\" alt=\"\" srcset=\"https:\/\/zeviplast.com.br\/beta\/wp-content\/uploads\/2024\/07\/1-2.png 413w, https:\/\/zeviplast.com.br\/beta\/wp-content\/uploads\/2024\/07\/1-2-300x300.png 300w, https:\/\/zeviplast.com.br\/beta\/wp-content\/uploads\/2024\/07\/1-2-150x150.png 150w, https:\/\/zeviplast.com.br\/beta\/wp-content\/uploads\/2024\/07\/1-2-370x370.png 370w, https:\/\/zeviplast.com.br\/beta\/wp-content\/uploads\/2024\/07\/1-2-120x120.png 120w, https:\/\/zeviplast.com.br\/beta\/wp-content\/uploads\/2024\/07\/1-2-410x410.png 410w\" sizes=\"(max-width: 600px) 100vw, 413px\" \/>\t\t\t\t\t\t\t\t\t\t\t\t\t<\/div>\n\t\t\t\t<\/div>\n\t\t\t\t\t<\/div>\n\t\t<\/div>\n\t\t\t\t<div class=\"elementor-column elementor-col-33 elementor-inner-column elementor-element elementor-element-35671be sc_inner_width_none sc_content_align_inherit sc_layouts_column_icons_position_left sc_fly_static\" data-id=\"35671be\" data-element_type=\"column\">\n\t\t\t<div class=\"elementor-widget-wrap elementor-element-populated\">\n\t\t\t\t\t\t<div class=\"elementor-element elementor-element-77f4ca4 sc_fly_static elementor-widget elementor-widget-image\" data-id=\"77f4ca4\" data-element_type=\"widget\" data-widget_type=\"image.default\">\n\t\t\t\t<div class=\"elementor-widget-container\">\n\t\t\t\t\t\t\t\t\t\t\t\t\t<img decoding=\"async\" width=\"413\" height=\"413\" src=\"https:\/\/zeviplast.com.br\/beta\/wp-content\/uploads\/2024\/07\/2-2.png\" class=\"attachment-large size-large wp-image-894\" alt=\"\" srcset=\"https:\/\/zeviplast.com.br\/beta\/wp-content\/uploads\/2024\/07\/2-2.png 413w, https:\/\/zeviplast.com.br\/beta\/wp-content\/uploads\/2024\/07\/2-2-300x300.png 300w, https:\/\/zeviplast.com.br\/beta\/wp-content\/uploads\/2024\/07\/2-2-150x150.png 150w, https:\/\/zeviplast.com.br\/beta\/wp-content\/uploads\/2024\/07\/2-2-370x370.png 370w, https:\/\/zeviplast.com.br\/beta\/wp-content\/uploads\/2024\/07\/2-2-120x120.png 120w, https:\/\/zeviplast.com.br\/beta\/wp-content\/uploads\/2024\/07\/2-2-410x410.png 410w\" sizes=\"(max-width: 600px) 100vw, 413px\" \/>\t\t\t\t\t\t\t\t\t\t\t\t\t<\/div>\n\t\t\t\t<\/div>\n\t\t\t\t\t<\/div>\n\t\t<\/div>\n\t\t\t\t<div class=\"elementor-column elementor-col-33 elementor-inner-column elementor-element elementor-element-a474c7c sc_inner_width_none sc_content_align_inherit sc_layouts_column_icons_position_left sc_fly_static\" data-id=\"a474c7c\" data-element_type=\"column\">\n\t\t\t<div class=\"elementor-widget-wrap elementor-element-populated\">\n\t\t\t\t\t\t<div class=\"elementor-element elementor-element-ef22ce7 sc_fly_static elementor-widget elementor-widget-image\" data-id=\"ef22ce7\" data-element_type=\"widget\" data-widget_type=\"image.default\">\n\t\t\t\t<div class=\"elementor-widget-container\">\n\t\t\t\t\t\t\t\t\t\t\t\t\t<img decoding=\"async\" width=\"413\" height=\"413\" src=\"https:\/\/zeviplast.com.br\/beta\/wp-content\/uploads\/2024\/07\/3-2.png\" class=\"attachment-large size-large wp-image-895\" alt=\"\" srcset=\"https:\/\/zeviplast.com.br\/beta\/wp-content\/uploads\/2024\/07\/3-2.png 413w, https:\/\/zeviplast.com.br\/beta\/wp-content\/uploads\/2024\/07\/3-2-300x300.png 300w, https:\/\/zeviplast.com.br\/beta\/wp-content\/uploads\/2024\/07\/3-2-150x150.png 150w, https:\/\/zeviplast.com.br\/beta\/wp-content\/uploads\/2024\/07\/3-2-370x370.png 370w, https:\/\/zeviplast.com.br\/beta\/wp-content\/uploads\/2024\/07\/3-2-120x120.png 120w, https:\/\/zeviplast.com.br\/beta\/wp-content\/uploads\/2024\/07\/3-2-410x410.png 410w\" sizes=\"(max-width: 600px) 100vw, 413px\" \/>\t\t\t\t\t\t\t\t\t\t\t\t\t<\/div>\n\t\t\t\t<\/div>\n\t\t\t\t\t<\/div>\n\t\t<\/div>\n\t\t\t\t\t<\/div>\n\t\t<\/section>\n\t\t\t\t\t<\/div>\n\t\t<\/div>\n\t\t\t\t<div class=\"elementor-column elementor-col-50 elementor-top-column elementor-element elementor-element-c5eda3b sc_inner_width_none sc_content_align_inherit sc_layouts_column_icons_position_left sc_fly_static\" data-id=\"c5eda3b\" data-element_type=\"column\" data-settings=\"{&quot;background_background&quot;:&quot;classic&quot;}\">\n\t\t\t<div class=\"elementor-widget-wrap elementor-element-populated\">\n\t\t\t\t\t\t<div class=\"elementor-element elementor-element-ba1d521 sc_fly_static elementor-widget elementor-widget-image\" data-id=\"ba1d521\" data-element_type=\"widget\" data-widget_type=\"image.default\">\n\t\t\t\t<div class=\"elementor-widget-container\">\n\t\t\t\t\t\t\t\t\t\t\t\t\t<img loading=\"lazy\" decoding=\"async\" width=\"921\" height=\"1045\" src=\"https:\/\/zeviplast.com.br\/beta\/wp-content\/uploads\/2024\/07\/Design-sem-nome-23.jpg\" class=\"attachment-full size-full wp-image-876\" alt=\"\" srcset=\"https:\/\/zeviplast.com.br\/beta\/wp-content\/uploads\/2024\/07\/Design-sem-nome-23.jpg 921w, https:\/\/zeviplast.com.br\/beta\/wp-content\/uploads\/2024\/07\/Design-sem-nome-23-264x300.jpg 264w, https:\/\/zeviplast.com.br\/beta\/wp-content\/uploads\/2024\/07\/Design-sem-nome-23-902x1024.jpg 902w, https:\/\/zeviplast.com.br\/beta\/wp-content\/uploads\/2024\/07\/Design-sem-nome-23-768x871.jpg 768w, https:\/\/zeviplast.com.br\/beta\/wp-content\/uploads\/2024\/07\/Design-sem-nome-23-370x420.jpg 370w, https:\/\/zeviplast.com.br\/beta\/wp-content\/uploads\/2024\/07\/Design-sem-nome-23-840x953.jpg 840w, https:\/\/zeviplast.com.br\/beta\/wp-content\/uploads\/2024\/07\/Design-sem-nome-23-410x465.jpg 410w\" sizes=\"(max-width: 921px) 100vw, 921px\" \/>\t\t\t\t\t\t\t\t\t\t\t\t\t<\/div>\n\t\t\t\t<\/div>\n\t\t\t\t\t<\/div>\n\t\t<\/div>\n\t\t\t\t\t<\/div>\n\t\t<\/section>\n\t\t\t\t<section class=\"elementor-section elementor-top-section elementor-element elementor-element-05b77df elementor-section-full_width elementor-section-height-min-height elementor-section-items-stretch elementor-section-height-default sc_fly_static\" data-id=\"05b77df\" data-element_type=\"section\" data-settings=\"{&quot;background_background&quot;:&quot;classic&quot;}\">\n\t\t\t\t\t\t\t<div class=\"elementor-background-overlay\"><\/div>\n\t\t\t\t\t\t\t<div class=\"elementor-container elementor-column-gap-no\">\n\t\t\t\t\t<div class=\"elementor-column elementor-col-100 elementor-top-column elementor-element elementor-element-6ed5d35 sc_inner_width_none sc_content_align_inherit sc_layouts_column_icons_position_left sc_fly_static\" data-id=\"6ed5d35\" data-element_type=\"column\">\n\t\t\t<div class=\"elementor-widget-wrap elementor-element-populated\">\n\t\t\t\t\t\t<div class=\"elementor-element elementor-element-d187df7 sc_fly_static elementor-widget elementor-widget-heading\" data-id=\"d187df7\" data-element_type=\"widget\" data-settings=\"{&quot;motion_fx_motion_fx_scrolling&quot;:&quot;yes&quot;,&quot;motion_fx_translateY_effect&quot;:&quot;yes&quot;,&quot;motion_fx_translateY_speed&quot;:{&quot;unit&quot;:&quot;px&quot;,&quot;size&quot;:3,&quot;sizes&quot;:[]},&quot;motion_fx_translateY_affectedRange&quot;:{&quot;unit&quot;:&quot;%&quot;,&quot;size&quot;:&quot;&quot;,&quot;sizes&quot;:{&quot;start&quot;:10,&quot;end&quot;:86}},&quot;motion_fx_devices&quot;:[&quot;desktop&quot;,&quot;tablet&quot;,&quot;mobile&quot;]}\" data-widget_type=\"heading.default\">\n\t\t\t\t<div class=\"elementor-widget-container\">\n\t\t\t<h2 class=\"elementor-heading-title elementor-size-default\"><span style=\"color:#FFFF;\">Nossa Promessa <\/span><br>ao PLANETA\n<\/h2>\t\t<\/div>\n\t\t\t\t<\/div>\n\t\t\t\t<div class=\"elementor-element elementor-element-8361467 elementor-widget__width-initial sc_fly_static elementor-widget elementor-widget-text-editor\" data-id=\"8361467\" data-element_type=\"widget\" data-settings=\"{&quot;motion_fx_motion_fx_scrolling&quot;:&quot;yes&quot;,&quot;motion_fx_translateY_effect&quot;:&quot;yes&quot;,&quot;motion_fx_translateY_speed&quot;:{&quot;unit&quot;:&quot;px&quot;,&quot;size&quot;:2.8,&quot;sizes&quot;:[]},&quot;motion_fx_translateY_affectedRange&quot;:{&quot;unit&quot;:&quot;%&quot;,&quot;size&quot;:&quot;&quot;,&quot;sizes&quot;:{&quot;start&quot;:0,&quot;end&quot;:100}},&quot;motion_fx_devices&quot;:[&quot;desktop&quot;,&quot;tablet&quot;,&quot;mobile&quot;]}\" data-widget_type=\"text-editor.default\">\n\t\t\t\t<div class=\"elementor-widget-container\">\n\t\t\t\t\t\t\t<p>Na nossa empresa, estamos profundamente comprometidos com a sustentabilidade e a efici\u00eancia em cada etapa do processo produtivo. Para isso, adotamos uma abordagem que integra pr\u00e1ticas inovadoras e respons\u00e1veis em rela\u00e7\u00e3o ao meio ambiente.<\/p><p>Utilizamos energia renov\u00e1vel para alimentar nossas opera\u00e7\u00f5es, o que nos permite reduzir significativamente nossa pegada de carbono e promover um uso mais consciente dos recursos naturais. Al\u00e9m disso, a \u00e1gua, um recurso fundamental para nossa produ\u00e7\u00e3o, \u00e9 gerida com extrema responsabilidade. Em nosso sistema, a \u00e1gua \u00e9 reutilizada em um ciclo cont\u00ednuo, passando por processos de tratamento e retorno ao ciclo produtivo. Isso minimiza a necessidade de novos suprimentos e assegura que o recurso seja utilizado da forma mais eficiente poss\u00edvel.<\/p><p>Outra pr\u00e1tica importante em nossa abordagem sustent\u00e1vel \u00e9 a reciclagem de pl\u00e1stico p\u00f3s-consumo (PCR). O pl\u00e1stico que j\u00e1 foi utilizado, seja dentro da nossa empresa ou fora dela, \u00e9 recolhido, reciclado e reintegrado ao nosso processo produtivo. Ao fazer isso, evitamos que o pl\u00e1stico seja descartado inadequadamente e contribu\u00edmos para a redu\u00e7\u00e3o das emiss\u00f5es de CO2 associadas \u00e0 produ\u00e7\u00e3o de pl\u00e1stico virgem. Essa pr\u00e1tica n\u00e3o s\u00f3 ajuda a diminuir o impacto ambiental, mas tamb\u00e9m promove uma economia circular mais eficaz e respons\u00e1vel.<\/p><p>Com essas medidas, buscamos n\u00e3o apenas atender \u00e0s demandas do presente, mas tamb\u00e9m garantir um futuro mais sustent\u00e1vel para todos.<\/p>\t\t\t\t\t\t<\/div>\n\t\t\t\t<\/div>\n\t\t\t\t\t<\/div>\n\t\t<\/div>\n\t\t\t\t\t<\/div>\n\t\t<\/section>\n\t\t\t\t<\/div>\n\t\t","protected":false},"excerpt":{"rendered":"<p>SUSTENTABILIDADE Nossa Miss\u00e3o Sustent\u00e1vel A Zeviplast \u00e9 comprometida com a sustentabilidade e utiliza energia renov\u00e1vel proveniente de empresas certificadas. Nossa matriz energ\u00e9tica \u00e9 composta por fontes limpas como a energia&hellip;<\/p>\n","protected":false},"author":2,"featured_media":0,"parent":0,"menu_order":0,"comment_status":"closed","ping_status":"closed","template":"elementor_header_footer","meta":{"footnotes":""},"_links":{"self":[{"href":"https:\/\/zeviplast.com.br\/beta\/wp-json\/wp\/v2\/pages\/255"}],"collection":[{"href":"https:\/\/zeviplast.com.br\/beta\/wp-json\/wp\/v2\/pages"}],"about":[{"href":"https:\/\/zeviplast.com.br\/beta\/wp-json\/wp\/v2\/types\/page"}],"author":[{"embeddable":true,"href":"https:\/\/zeviplast.com.br\/beta\/wp-json\/wp\/v2\/users\/2"}],"replies":[{"embeddable":true,"href":"https:\/\/zeviplast.com.br\/beta\/wp-json\/wp\/v2\/comments?post=255"}],"version-history":[{"count":31,"href":"https:\/\/zeviplast.com.br\/beta\/wp-json\/wp\/v2\/pages\/255\/revisions"}],"predecessor-version":[{"id":901,"href":"https:\/\/zeviplast.com.br\/beta\/wp-json\/wp\/v2\/pages\/255\/revisions\/901"}],"wp:attachment":[{"href":"https:\/\/zeviplast.com.br\/beta\/wp-json\/wp\/v2\/media?parent=255"}],"curies":[{"name":"wp","href":"https:\/\/api.w.org\/{rel}","templated":true}]}}